 m(c) be the second derivative of -c**4/12 + c**3 + 2*c. Determine m(x).
0
Let q(u) = 14 - 20 + 0*u - 18*u**2 + 5 - 66*u**2 + 2*u. Determine q(1).
-83
Let g(v) = -27*v. Suppose 0 = -2*s - 32 + 50. Suppose -s*x = -7*x - 2. Calculate g(x).
-27
Let g(z) = z**2 + z + 1. Let d(v) = 7*v**2 - 19*v - 143. Let y(w) = d(w) - 6*g(w). Let r be y(-5). Let b(f) = -3*f**3 + f**2 - 2*f + 2. Calculate b(r).
-2
Let f(y) = -y**2 - 7*y - 4. Let s be 2*10*5/10. Let v be ((-12)/(-18)*-1)/((-2)/6). Suppose 0*h - s = v*h. Calculate f(h).
6
Suppose 14 = -2*g + 20. Let j(f) = 7*f - g*f + 4 - 314*f**2 + 315*f**2. Determine j(-4).
4
Let i(o) = -14*o**2 + 1. Let f(u) = 14*u - 1283 + 1230 - u. Let b be f(4). Determine i(b).
-13
Suppose 3*x - 33 = 0, -5*s = 4*x - 48 + 14. Let b(f) = 2 - 16*f + f - 3. Give b(s).
29
Let y(q) = -q**3 - 7*q**2 + 62*q + 25. Let p be y(-12). Let f(t) = -16*t**2 - 3*t + 3. Calculate f(p).
-16
Let r(l) be the second derivative of -l**4/12 - 3*l**3 + 47*l**2/2 + 2182*l. Determine r(-21).
-16
Let c(r) = 0 + 5*r + 2 - 5*r**2 - r**2 - r**3. Suppose 3*p = 3*z + 4 + 5, 0 = -p - 4. Calculate c(z).
16
Let i(d) = d**3 - 2*d + 3*d**2 + 3 - 2 + d. Let h(s) = -2*s**3 - 6*s**2 - 7*s - 1. Let j be h(-2). Suppose 2*x = -10, -c + j*x = 4*c - 15. Determine i(c).
7
Let w(g) = -52*g - 78. Let b(u) = -5*u - 16. Let q(n) = -6*b(n) + w(n). Calculate q(7).
-136
Let n(c) = -31 + 283 + 3 + 42*c. Calculate n(-6).
3
Let w(p) = p**3 + 3*p**2 + p + 7. Let g be -5*(-39)/325*15/(-3). Determine w(g).
4
Let o(r) be the first derivative of -r**5/20 + r**3/6 - 5*r**2 + 35*r + 49. Let i(c) be the first derivative of o(c). Give i(0).
-10
Let x be (-4)/5 - -1 - 95/(-25). Suppose x = 92*t - 90*t. Let n(y) = t + 4 - y + 7*y**2 + 0*y**2 - 8*y**2. Determine n(-5).
-14
Suppose 5*x - 24 = -2*w, -17 = -4*w - 2*x - 1. Suppose -f = w*f - 36. Let j(t) = -t - 3*t + f*t + 5 + 3*t + t**2. Calculate j(-10).
-5
Let x(q) = -q**2 - q + 4. Let p be x(-3). Let z(f) be the third derivative of f**4/8 + f**3/6 + 115*f**2. Give z(p).
-5
Let o(v) be the third derivative of -1/12*v**4 - 93*v**2 + 0*v + 0 + 1/15*v**5 - 1/3*v**3 + 1/120*v**6. Calculate o(-4).
6
Let n(b) = -4*b**2 - 3*b - b**2 + b**2. Let d(i) = 4*i**3 + 17*i**2 - 169*i + 16. Let c be d(-9). What is n(c)?
-10
Let s(x) = 6*x**2 + 4*x + 1. Let i(l) = 9*l**2 + 6*l + 2. Let r be ((-2)/6)/((2 + -4)/114). Suppose 4*h - 9 = r. Let w(c) = h*s(c) - 5*i(c). Calculate w(-2).
-11
Let h(j) = 36*j + 108. Let k be (8 + 59/(-7))/((27/(-21))/(-9)). Determine h(k).
0
Let r = 124 + -137. Let p be ((-1 - 0)*r)/((-8)/(-24)). Let x = p - 34. Let z(i) = -i**2 - i + 4. Determine z(x).
-26
Let t(r) be the first derivative of r**2/2 + r + 285. Suppose -5*n + 9 = -1. Let z = -1 - n. Determine t(z).
-2
Let h(o) = 3*o**2 - 12*o - 1. Suppose -4*f - 37*u + 36*u - 22 = 0, -3*f - 2*u = 19. Let s(a) = -4*a**2 + 15*a + 2. Let t(i) = f*h(i) - 4*s(i). Calculate t(-3).
6
Let p = 773 + -781. Let o(u) = 23*u + 189. Give o(p).
5
Let g(s) = -s**2 - 5*s - 3. Let c be g(-6). Let l(o) = -11 + 311*o**2 - 7*o - 1 - 17 + 33 - 312*o**2 - 8. What is l(c)?
-22
Suppose -1690 = 20*s - 1810. Let h(b) = b**2 + 2*b - 54. Calculate h(s).
-6
Suppose k + 15 = 2*k + s, 3*k - 5*s = 45. Let t(r) = -k*r + 0*r + 13*r - 1. What is t(4)?
-9
Let z = 6281/2 + -3140. Let r(y) be the first derivative of 10/3*y**3 + 19 + z*y**2 + 0*y. What is r(-1)?
9
Let p = -23996 - -23989. Let r(z) = -3*z**2 - 7*z - 8. Give r(p).
-106
Let f(h) be the first derivative of h**3/6 - 21*h**2/2 + 39*h - 62. Let s(g) be the first derivative of f(g). Determine s(15).
-6
Let n = -3004 + 3007. Let l(i) = -i**3 + i**2 + 4*i - 3. Give l(n).
-9
Let m(h) = -h**3 + 6*h**2 - 52*h + 302. Let g be m(6). Let y(q) = -q**3 - 10*q**2 - 6*q - 11. Determine y(g).
49
Let y(l) = -17*l**3 - 3*l**2 + 3*l - 8. Let t(f) = 53*f**3 + 10*f**2 - 10*f + 29. Let x(m) = 2*t(m) + 7*y(m). Calculate x(-2).
100
Let v(j) = -j**2 + 67*j - 355. Suppose 415*d = 25753 - 438. What is v(d)?
11
Let f(c) = 2*c + 24971*c**2 + 8 - c + 5*c + 2*c**3 - 24968*c**2. Determine f(-2).
-8
Let m(w) = 2*w**3 - 15*w**2 + w - 7. Let u(c) = -c**3 + 14*c**2 + 11 - 8 - 6*c**2. Let d(k) = 3*m(k) + 5*u(k). What is d(5)?
9
Let y = -825 + 827. Let c(r) = 3*r - 9 + 0 + 4 - 2*r**2. Calculate c(y).
-7
Let i(b) = -b**3 + 9*b**2 - 4*b - 48. Let t be i(8). Let s(y) = -y**3 - 17*y**2 - 12*y + 70. Calculate s(t).
6
Let l(h) = 0 + 15 + 2 - 142*h - 11 + 139*h. Calculate l(1).
3
Suppose -6*h - 2494 = -2500. Let t(i) = -3*i**3 + 11*i - 10. Determine t(h).
-2
Let t(g) = g**3 - 3*g**2 + 2*g + 1. Let y(o) = 5*o - 21. Let w be y(11). Suppose 3*i + 22 - w = 0. Suppose 0*a = a - j, -4*a - i*j + 24 = 0. Determine t(a).
7
Let k(i) = -25*i - 3. Let d(x) = 8*x + 1. Suppose 10*a = -16 - 54. Let p(u) = a*d(u) - 2*k(u). Give p(4).
-25
Suppose 52 = 193*y - 141*y. Let i(b) = 15*b + 3 - 1 - 18*b. Determine i(y).
-1
Let w = -320 + 311. Let y be (w/(-15))/(2/10). Let u(f) = f**3 - 2*f**2 - f - 7. What is u(y)?
-1
Let r(v) be the second derivative of -v**3/3 + 17*v**2/2 - 2153*v. What is r(11)?
-5
Let t(z) = 89*z**2 - 9*z + 7. Let i(l) = 221*l**2 - 21*l + 15. Let d(k) = 2*i(k) - 5*t(k). Calculate d(5).
-65
Suppose 6*t = t + 70, -61 + 39 = 2*o - t. Let f(h) be the second derivative of -h**5/20 - h**4/4 + h**3/6 - h**2/2 + h. Determine f(o).
11
Let i(u) = -7*u - 7. Suppose 161*m - 140*m = 84. Determine i(m).
-35
Let q(g) = -g**2 + 12*g - 14. Let f(y) = y - 1. Let k be 16/(-88) + 53/(-11). Let m(a) = k*f(a) + q(a). Calculate m(5).
1
Let w(m) = m**3 + m**2 - m. Suppose 6*q - 20 = q. Let c(x) = 7 - 18 - q*x**3 - 8*x**2 + 8. Let k(o) = c(o) + 3*w(o). Determine k(-5).
12
Suppose 30 = 7*l + 3*l. Let a(t) = 9*t**2 + 522*t - 508*t - l + t**3 + 0. Determine a(-7).
-3
Let n = 6850 - 6859. Let t(f) = f**3 + 9*f**2 + 2*f - 20. What is t(n)?
-38
Let n be (184/(-23) - (-5 - 2))/(-1 + 2). Let k(a) = 18*a**3 + a**2 - a - 2. Determine k(n).
-18
Let y(a) = 10*a**2 - 21*a - 2. Let p(m) = -9*m**2 + 15*m + 2. Let o(b) = 3*p(b) + 2*y(b). What is o(-1)?
-8
Let z(f) = 3*f - 2*f**2 - f + 114 + 105 - 221. Let j be (-6)/(-2) - 7 - -5. Give z(j).
-2
Let x(a) = -3*a**3 - a. Let c(v) = v**2 - 2*v + 3. Let l = 51 + -49. Let t be c(l). Suppose 0 = t*p - 0*q - q + 7, 4*p = -3*q + 8. What is x(p)?
4
Let h(n) = 35 - 9*n + 47 - 148 + 41 + 36. Give h(-7).
74
Let p(f) = -4*f**3 - 51*f**2 - 11*f + 21. Let z(a) = -a**3 - 8*a**2 + 1. Let o(r) = p(r) - 5*z(r). Give o(12).
28
Let l(i) = -4*i**2 + 2*i - 3. Suppose -6*d - 12*d + 66 - 30 = 0. Calculate l(d).
-15
Suppose -4*u = -2*i - 3*u + 13, -5*i - u + 22 = 0. Let c(n) = 2*n**3 - 11*n**2 + 2*n - 2. Determine c(i).
-17
Let d(a) be the second derivative of -a**5/20 + a**4/2 - 5*a**3/6 + 5*a**2/2 - 19901*a. Let g = -2 - -7. What is d(g)?
5
Suppose -68*z + 70*z = 6. Let k be -2 + 15 - (0 + (4 - z)). Let c(y) = y**3 - 13*y**2 + 12*y + 5. Determine c(k).
5
Let a be 3 - (12 - (1 + 2)). Let t be (-1 - -6)*(a + 7). Let z(x) = -x**3 + 6*x**2 - 3*x + 8 + 5*x - t*x + 7*x. Determine z(7).
-13
Let y(r) = -32*r - 115. Let m be y(10). Let t = m + 440. Let j(z) = -z**3 + 5*z**2 + 7*z + 1. What is j(t)?
36
Let q(l) = 0*l + 20 - 6 + 42*l + 28. Let k(y) = 17*y + 17. Let w(i) = 12*k(i) - 5*q(i). Determine w(-4).
18
Let w(o) = 711*o - 279. Let u(y) = 421*y - 167. Let q(g) = 22*u(g) - 13*w(g). Give q(2).
-9
Let u(c) = c**3 + c + 1. Let g(k) = -4*k**3 + 33*k**2 + 26*k - 38. Let r(t) = g(t) + 5*u(t). Calculate r(-32).
-1
Let y = 960 - 498. Let s = -465 + y. Let p(m) = 3*m. What is p(s)?
-9
Suppose -2*r + 2 - 6 = 0. Let f = -278 + 280. Let t(h) = -3*h**2 - 30*h + 41*h + f - 10*h. Calculate t(r).
-12
Let f(u) = -u + 13. Let r be f(13). Let l(y) = -3*y - 4*y**2 - y**3 + r + 0*y - 16 + 13. Determine l(-4).
9
Let d(s) = -s**2 - 15*s + 183. Let z be d(8). Let r(n) = 5*n**3 + 3*n**2 - 4*n - 6. Determine r(z).
-4
Let l(h) = -3*h**3 + 3*h - 2. Let c(m) = -5*m**3 + 5*m - 3. Let j(y) = -5*c(y) + 8*l(y). Let r = 15 + -9. Suppose -r*s + 0 = 6. What is j(s)?
-1
Let x(m) be the first derivative of -m**4/4 + 20*m**3/3 - 2*m**2 + 2*m + 536. Give x(20).
-78
Let t(x) = -6*x + 5*x + 114 + 4*x + 2*x + 6*x. Determine t(-9).
15
Let a be (-26)/(-8) - (-6)/(-24). Let x(o) = -4*o**3 - o**2 + o + 1. Let r(l) = -7*l**3 - 7*l**2 + 4*l + 3. Let n(f) = -r(f) + 2*x(f). Determ